= f - 12. Suppose 0 = 5*y + 4*c - 62, -2*y = -5*y + 4*c + 18. Give m(y).
-2
Suppose 2*z = -z. Suppose -s = -z + 4. Let k(w) = -w - 2. What is k(s)?
2
Let r(u) = 65*u + 1 - u**2 - 28*u + 0 - 30*u. Suppose -5*c + 6 = -24. Give r(c).
7
Let h(v) = -v**3 - 2*v**2 + 3*v. Suppose -5*q + 30 = -5*u, u - 12 = -2*q + 3. Suppose 2*b = 4*g - 2, 0*b + 5*g - q = b. Suppose 5*z = b*z - 6. Determine h(z).
0
Let z(q) = 6 - 5 - 2 + 5*q. Let a(j) = -j + 1. Let t(x) = 4*a(x) + z(x). Determine t(-2).
1
Let b(d) = d**3 + 4*d**2 - 5*d - 2. Let m be 5/(2 + (3 - 4)). Suppose 2*n + 5 = -m. Determine b(n).
-2
Let w(d) be the first derivative of -d**4/4 + d**3 + d**2 + 5*d - 8. What is w(4)?
-3
Let d = 31/780 + 2/195. Let g(r) be the second derivative of -d*r**5 - 1/6*r**3 + 0 + 1/4*r**4 + r**2 - r. Determine g(3).
-1
Let j(h) = -h**3 + 7*h**2 + 7*h + 11. Let t be j(8). Suppose -2*a + 0*a = -4. Let u(v) = v**2 + 1 + t*v + 2 - a*v**2. Determine u(-2).
-7
Let g(u) = u**3 - 10*u**2 - 8*u + 13. Let p(q) = -q**3 + 9*q**2 + 8*q - 12. Let b(n) = 4*g(n) + 5*p(n). Suppose -2*k - 2*k = -24. Determine b(k).
4
Let x(h) = -h**2 + 2*h + 4. Let b(q) = -q**2 + 3*q + 4. Let d(r) = 3*b(r) - 4*x(r). Determine d(2).
2
Let f(h) = h**3 - 5*h**2 - 8*h + 4. Let v = -13 - -19. Calculate f(v).
-8
Let z(p) = 14*p**2 + 5*p + 8. Let f(w) = -9*w**2 - 3*w - 5. Let t(h) = 8*f(h) + 5*z(h). Calculate t(2).
-6
Let o(l) = l**3 - 5*l**2 - l + 7. Suppose 23 + 17 = 4*h. Let f = h + -6. Let k be ((-2)/(-3))/(f/30). What is o(k)?
2
Let i = 154 + -160. Let j(h) = 1. Let l(p) = -2*p - 3. Let z(s) = 6*j(s) - l(s). Determine z(i).
-3
Let c(l) = 2 - l - 2. Let v be (-198)/(-48) + 2/(-16). Give c(v).
-4
Let p be (-46)/(-5) + (-2)/10. Let y(b) = b**2 + 1 + b - p + 4. Calculate y(-3).
2
Let t(y) be the third derivative of -y**6/120 + y**5/15 + y**4/6 + 2*y**3/3 + 10*y**2. Calculate t(5).
-1
Let v = 10 - 16. Let n = 4 + v. Let x(y) = 4*y + 2. Determine x(n).
-6
Suppose 5*i - g - 4 + 3 = 0, 1 = 3*i - g. Suppose i = 3*a + a - 4. Let c(o) = -4*o**2. Calculate c(a).
-4
Let z = -135 - -133. Let j(s) = 2*s + 3. What is j(z)?
-1
Let b(i) = -1. Let n(u) = u + 9. Let k(t) = 4*b(t) - n(t). Give k(-9).
-4
Let y(m) = 19 - 3*m**2 - 19 + 2*m. Suppose -6 = -a - 2*q, 3*a - 2*q - 12 = -5*q. What is y(a)?
-8
Let f(m) be the third derivative of m**5/60 - m**4/6 - m**3/6 + m**2. Let g(v) = -3*v + 2*v + 3 - 2. Let r be g(-4). Calculate f(r).
4
Let h(u) = u + 6. Let r(t) be the first derivative of -3*t**2/2 - 21*t - 1. Let s(f) = 18*h(f) + 5*r(f). Give s(-6).
-15
Let l be ((-3)/(-2))/(12/(-32)). Let s(z) be the first derivative of z**3/3 + z**2 - 4*z - 22. What is s(l)?
4
Suppose -3*f + 7*f + 28 = 0. Let n = f + 8. Let d(g) = 5*g. What is d(n)?
5
Let z(y) = 2*y + 2. Suppose 0 = -3*i - 2*i. Suppose i = k + k - 4. Let f be (-2 + k)/2 + -2. Give z(f).
-2
Let d(z) = z**3 - 6*z**2 - 2*z + 7. Let m(s) = -s**3 - 7*s**2 - 7*s. Let f be m(-6). Give d(f).
-5
Let r(h) = h**3 + h**2 + h. Let v = -110 - -108. Give r(v).
-6
Let h(q) = q - 10. Let j(y) = 1. Let d(o) = h(o) - 2*j(o). Let s be d(12). Let c(n) = -2 - 4*n**2 + n + 6*n**2 - 3*n**2. Give c(s).
-2
Let b(c) = -7*c**2 - 8*c**2 + 14*c**2 - 2 + 5 + 2*c. Let i be 2/5 + 12/(-5). What is b(i)?
-5
Let t(v) = 20*v + 0 - 2 - 21*v + 1. Suppose 0 + 3 = -3*f. Calculate t(f).
0
Let r = -11 - -7. Let d(k) = -1 - k**2 - 1 - 3*k + 4. Let n be d(r). Let z(v) = -v**2 + v + 1. Determine z(n).
-5
Suppose g + g - 2 = 0. Let i(o) = 2 - 1 - 10*o**3 - o + o**2 + 5*o**3. Determine i(g).
-4
Let a(d) be the second derivative of d**5/120 + 5*d**4/24 + d**3/2 - 3*d. Let x(f) be the second derivative of a(f). Suppose 0 = -9*z + 5*z. Determine x(z).
5
Let j(k) be the first derivative of k**3/3 + 7*k**2/2 - 2*k - 53. Determine j(-5).
-12
Let q(b) = -b**2 + 5*b + 7. Let u be q(6). Let j(t) be the second derivative of 1/2*t**2 + 0*t**3 - 2*t + 0 + 1/4*t**4. Calculate j(u).
4
Let l(g) = -16*g - 21. Suppose 3*b + 3 = 0, 5*r - 14 = -0*b - b. Let i(w) = 0*w + r*w - 6*w - 4. Let p(c) = 11*i(c) - 2*l(c). Calculate p(-1).
-1
Let v(k) = -k**2 - 2*k + 5. Suppose 0 = 5*z - 0*z + 4*l + 12, 18 = -3*z + 3*l. Give v(z).
-3
Let p be 1*9*-1 - -2. Let g = 7 + p. Let f(j) = j**2 + j - 1. Let s(c) = 6*c**2 + 6*c - 6. Let i(o) = -11*f(o) + 2*s(o). What is i(g)?
-1
Let y(c) = -c**2 + 7*c - 6. Let d be y(6). Suppose i + 0*i = d. Suppose i*n + 6 = 3*n. Let j(r) = 2*r**3 - 2*r**2 - 2*r + 1. Calculate j(n).
5
Suppose -2*f + 6*j = j - 98, 2*f = j + 82. Suppose 0 = 8*o - 4*o + m + f, 0 = 2*o - 5*m + 25. Let l be 10/(-25) - (-56)/o. Let a(x) = -x - 1. Give a(l).
5
Let p(a) = -8*a**2 - a - 5. Let u(j) = -16*j**2 - 2*j - 11. Let c(d) = -9*p(d) + 4*u(d). Give c(-1).
8
Let a = 24 - 14. Let q(f) = -a + f - f + 0*f - f. Let d be q(-10). Let b(z) = z + 7. Determine b(d).
7
Let f = 26 - 28. Let o(y) = -y**3 - 3*y**2 + y + 2. What is o(f)?
-4
Let v(d) = -14*d**2 - 9*d + 17. Let i(c) = 5*c**2 + 3*c - 6. Let t(a) = 11*i(a) + 4*v(a). Give t(-4).
-2
Let j(o) = -o**3 + 4*o**2 - 3*o + 2. Let v(l) = -l**2 + 6*l - 8. Let g be v(6). Let r = g + 10. Give j(r).
4
Let h(u) = -u + 6. Let m be ((-12)/3)/(1/4). Let q be 1/(-4) - 132/m. Let y be ((-15)/20)/((-2)/q). Give h(y).
3
Let p(i) = -i**3 - 5*i**2 - 4*i + 3. Let n be p(-4). Let u(s) = -2*s**n + 2*s + s + 4*s**2 - 3 - s. What is u(3)?
-15
Suppose -15*u + 11*u = 8. Let z(g) = g**3 - g - 1. Calculate z(u).
-7
Let n = 39 + -40. Let f(y) = 16*y. What is f(n)?
-16
Suppose 5*y = g + 15, -4*g - 4*y = -10 - 26. Let j(s) = 3*s**2 - 4*s + 1. Let q(f) = -f**2 - f - 1. Let o(v) = -j(v) - 2*q(v). Give o(g).
6
Let c(w) = -w**3 - 4 + 6 + 2*w**2 + 4*w**3 - 4*w**3 - 2*w. Let t be (2 + -1 + 0)*2. Determine c(t).
-2
Let f(a) be the third derivative of -a**8/6720 + a**7/840 + a**6/120 - a**5/30 - a**4/24 + a**2. Let k(z) be the second derivative of f(z). Determine k(4).
4
Let h(c) = c**3 + 9*c**2 + 8*c - 1. Let y be h(-8). Let m(k) = 9*k**2 - 2*k - 1. Determine m(y).
10
Let u(d) = -2 + 4 + d + 4. Let z be (-1)/5 - (-96)/(-20). What is u(z)?
1
Let f(v) = 2*v - v + 3 + 0*v - 2. Suppose 4*p - 72 = 48. Suppose 5*k - p = m, 4*m - 3*k = -2*k - 25. Calculate f(m).
-4
Let z be 285/(-10) + 2/(-4). Let p = 55 + z. Suppose 0 = 2*x - 3*j - j + 28, 3*x - 2*j + p = 0. Let a(m) = -m**2 - 7*m - 2. Calculate a(x).
4
Let m(h) be the third derivative of h**4/24 - h**3/6 - h**2. Let a be m(-4). Let y(n) be the first derivative of -n**2/2 - 4*n + 2. Determine y(a).
1
Let r(h) = -21*h - 1. Suppose -5*j - b - 3 = -3*b, -4*b = 4. Calculate r(j).
20
Let j(g) = 2*g - 3. Let c be 153/12 + 1/4. Suppose 0 = q - c + 4. Suppose 0 = 2*u + o - 1, 0 = 2*u - 2*o + 5*o + q. Give j(u).
3
Let k = -16 + 8. Let u = -2 - k. Let p(f) = -f**3 + 5*f**2 + 4*f + 7. Let z be p(u). Let b(y) = y**3 + 4*y**2 - 4*y - 2. What is b(z)?
-7
Let a = -92 - -85. Let w(r) = r**3 + 6*r**2 - 7*r + 1. Give w(a).
1
Let q(i) = -i**3 - 7*i**2 - 4. Let u be q(-7). Let n(h) = h + 1. Let k(d) = -3*d - 4. Let l(p) = k(p) + n(p). What is l(u)?
5
Let f(a) = -14*a**2 - 13*a - 1. Let q be f(-1). Let j(w) = -w**2 - w. Let h(n) = -5*n**2 - 2*n - 1. Let m(v) = -h(v) + 6*j(v). Calculate m(q).
5
Let a(n) = 5*n**2 - 61*n + 26. Let p(x) = x**2 - 12*x + 5. Let h(r) = 2*a(r) - 11*p(r). Calculate h(10).
-3
Let k(y) = -15*y**3 + 4*y**2 - 6 + 3*y + 24*y**3 + 2*y - 10*y**3. What is k(4)?
14
Let f(q) be the second derivative of q**4/12 - q**3/3 - 5*q**2/2 - 2*q. Calculate f(4).
3
Let b(s) be the third derivative of -s**5/60 + s**4/4 - s**3 + 11*s**2. Give b(7).
-13
Suppose 4*b = 3*r + 11, 4*b = b + 15. Let u(d) be the second derivative of d**3/6 - d**2/2 + d. Calculate u(r).
2
Let n(l) be the second derivative of -l**4/12 + 4*l**3/3 - 9*l**2/2 - 23*l. Calculate n(7).
-2
Let m be ((-1)/1)/(2/(-10)). Let j(f) = -2*f + 7. Calculate j(m).
-3
Let t = 2 + -16. Let r be 4/t - (-176)/77. Let v(i) = -i**3 + 3*i**2 - 2*i + 3. What is v(r)?
3
Let h(p) = -p**3 - 6. Let j be (-7 - (-5 - 1/(-1))) + 3. Give h(j).
-6
Let o(z) = z**3 - 11*z**2 + 5. Let f be o(11). Let s(d) = f*d + 0*d + 2*d**2 - d. Calculate s(-3).
6
Let y(b) = -b. Let a be y(-1). Let m = 5 + -2. Let q(l) = -m - l - a - l**2 + 3. What is q(-1)?
-1
Let v(q) be the third derivative of 0 + 1/12*q**4 + 0*q + 3*q**2 - 1/3*q**3. Suppose -2*i - 1 = -9. Determine v(i).
6
Let k(z) = z**